 4 - 9 + p**2 - 5*p - i*p**2. What is c(-5)?
-5
Let b(f) = f - 5. Let x(o) = o**2 - o - 2. Let u be x(3). Suppose a = 4*w + 2 - 21, 2*a + 22 = u*w. Give b(w).
-1
Let g = -68 + 72. Let n(v) = -v**2 + 5*v - 2. What is n(g)?
2
Let k = -4 - -3. Let o(d) = d**3 - d**2 - d + 2. Let b be o(0). Let c(v) = 4*v + b*v - 1 - 2*v. Give c(k).
-5
Suppose 0 = 4*b - 0*b + 20. Let r(y) be the third derivative of -y**5/60 - y**4/8 + 2*y**3/3 + y**2. Calculate r(b).
-6
Let p(y) be the third derivative of -5*y**4/24 + 7*y**2. Let z be (-4)/2 - 2/(-2). Give p(z).
5
Let k(a) be the second derivative of 1/3*a**3 + 0 - 2*a + 7/2*a**2. What is k(-5)?
-3
Let f(w) = 2 - w**3 + 3*w**2 + 2*w**2 - 4*w**2. Let l be (-1 - -2) + 0 + 3. Suppose -6*x = -l*x. What is f(x)?
2
Let n(z) be the third derivative of 0 - z**2 + 1/3*z**3 + 0*z + 1/360*z**6 + 1/4*z**4 + 1/30*z**5. Let l(x) be the first derivative of n(x). Calculate l(-4).
6
Let c be (1 - 0 - 0)*-2. Let h be (4 - (c + 5)) + -1. Let x(t) = -t**2 + t - 3. What is x(h)?
-3
Suppose -5*q = 3*m + 31, 7*q + 22 = 3*q - m. Let k(w) = w**2 + 7*w + 4. Calculate k(q).
-6
Let p(h) = -h**2 - 3*h - 5. Let o(g) = g**3 + 5*g**2 + 2*g + 3. Let c be o(-3). Let f be 16/6*c/(-10). What is p(f)?
-9
Let j(f) be the second derivative of f**3/6 - 2*f**2 + 2*f - 22. What is j(6)?
2
Let f(j) = j**3 - 7*j**2 - j + 9. Let a be f(7). Let c(q) = -2*q**3 + 3*q**2 - q - 5. Let d(i) = i**3 - i**2 + 1. Let g(n) = -c(n) - 3*d(n). Determine g(a).
-4
Let m(y) = 5*y + 4*y**2 + y - 5 - 3*y**2 + 12. Calculate m(-7).
14
Let f(n) be the first derivative of -4*n**3/3 - n**2/2 + 2*n + 1. Let m(g) = -g**2 - 1. Let c(o) = -f(o) + 3*m(o). Give c(0).
-5
Let w(c) be the third derivative of -c**6/15 + c**4/12 + c**3/6 + 3*c**2. Let n = -72 + 71. Calculate w(n).
7
Let h(y) = -7. Let k(q) = q. Let z(l) = h(l) - 2*k(l). Give z(-7).
7
Let k = -3 - -10. Suppose 2 = 3*v - k. Let f(r) be the third derivative of -r**6/120 + r**5/15 - r**4/8 + 14*r**2. Give f(v).
0
Let y(t) = t**2 - 6*t + 7. Let f(k) = k**3 - k**2 + 5. Let v be f(0). Give y(v).
2
Let u(r) be the third derivative of -r**5/60 - 5*r**4/12 + 17*r**3/6 - 4*r**2. What is u(-12)?
-7
Let a = -17 + 18. Let p(z) = 3*z + 0 + 3*z**2 - 6*z + 2*z + a. What is p(1)?
3
Let d(v) = -2*v**3 - 2*v**2 + 3*v + 2. Suppose -3*k = 2*k - 4*s - 6, 2*s = -k - 10. What is d(k)?
4
Let p(c) be the third derivative of c**6/120 - 7*c**5/60 + 3*c**4/8 - c**3/3 + 10*c**2. What is p(6)?
16
Let w be -1*2/(-4)*0. Let z(h) = 4*h. Let v be 9/1 + -5 + 3. Let j(r) = r. Let o(x) = v*j(x) - 2*z(x). Give o(w).
0
Suppose -2*n + 13 = b, -5*n = -3*b - 6 - 10. Suppose 3*a + 7 = -t, 3*a + 0*a + 15 = b*t. Suppose 4*c - t*c = 0. Let y(d) = d + 3. Determine y(c).
3
Let y(n) = 4*n - 2. Suppose h = 4*h - 6. Suppose -h = -3*l + 2*l. Suppose -5*c + 4*d + 2 = 0, l*c - 2 + 6 = 4*d. Calculate y(c).
6
Let s(m) = m**3 + 15*m**2 - 17*m - 23. Let w be s(-16). Let c(p) = -p**3 - 6*p**2 + 7*p + 2. What is c(w)?
2
Let w(g) be the second derivative of -g**4/12 + 11*g**2/2 + g. Suppose -5*c - 3 = -3*d + 4*d, -2*c = -3*d - 9. Give w(c).
11
Let r(v) = -3*v + 3. Let n(g) = -1. Let d(f) = -6*n(f) - 2*r(f). What is d(-2)?
-12
Let g(p) = -4*p**3 - 9*p**2 - 3*p. Let w(j) = -j**3 - j**2 - 1. Let d(q) = g(q) - 3*w(q). What is d(-5)?
-7
Let l(t) = -t - 2. Let k = 1 + 0. Let f(c) = c - 1. Let r = 7 + -8. Let d(b) = k*f(b) + r*l(b). What is d(-4)?
-7
Let h(m) be the first derivative of -3*m**2 - 2 - 4*m - 1/3*m**3. Calculate h(-4).
4
Suppose -n - 15 = 4*n, 4*n + 7 = 5*o. Let d = o - -1. Let q(x) = x**3 - x - 3. Let s be q(d). Let t(j) = j**2 - j - 3. Determine t(s).
9
Let h(g) = -g - 3. Let q be h(-6). Let u(t) be the second derivative of -t**4/12 + t**3/2 + t**2/2 - 2*t. Determine u(q).
1
Let m(n) be the first derivative of -11*n**4/4 + n**3/3 - n**2/2 + n - 53. Give m(1).
-10
Let t(v) = -9*v - v**2 + 5*v - 2 - 2*v. Determine t(-4).
6
Suppose -2*w + 3 = -3. Let v(c) = -3*c**2 + 0*c + c**w - 4 + 0*c + c. Suppose -9 = -3*j - 3*l, 9 = -3*j + 6*j - 5*l. Calculate v(j).
-1
Suppose 10*q = 5*q - 4*b - 1, 2*b - 2 = 0. Let j be (1/q)/(5/(-15)). Let o(y) = -y**2. Let n(c) = c**2 - c - 1. Let i(s) = j*n(s) + 2*o(s). Calculate i(4).
1
Let m(f) = -f**2 + 2*f. Let y be ((-54)/36)/((-2)/(-4)). What is m(y)?
-15
Let g(f) = -3*f + 2. Suppose -7*l = -2*l + 5*u - 105, 2*l = 2*u + 34. Suppose 5*d - l = 11. Let a(q) = -q**2 + 6*q + 2. Let i be a(d). Give g(i).
-4
Let s(w) = w**2 + w. Suppose 0*y - 12 = 4*y. Determine s(y).
6
Suppose -4*r + 28 = 3*i - 0*i, -4*r = 2*i - 24. Let s(n) = -2*n**2 + 3*n - 2. Determine s(r).
-22
Suppose 0 = s - 4 + 1. Let n(x) = 5*x - 2*x - x**s - 2*x**2 - 3 - 4*x. Give n(-3).
9
Let t(z) = z**2 - 2 - 3*z**2 + 3. Suppose 5*u = -1 - 4. Let h be (3/((-9)/(-6)))/u. Determine t(h).
-7
Let z(g) = -g**2 + 9*g - 10. Let b be z(8). Let v be 1 + 0 + 2 - 1. Let o(u) = 0*u + 2*u**3 + 2 + u**v + u - 2*u. Determine o(b).
-8
Let a(l) = l**2 + l - 3. Suppose -3*f - 5 = -4*f. Let d(p) = p**3 - p**2 - 4. Let t be d(3). Suppose -f*v = 11 + t, 0 = c + v + 5. Determine a(c).
-3
Let q(i) = -4*i**2 + 2*i + 1. Let b be 2/(-9) - (-7)/(-9). Let p be (b - -1)*4/8. Let y be (p + 1/(-2))*2. Calculate q(y).
-5
Let i(r) = -8 + r + 306*r**3 - 305*r**3 + 0*r. Determine i(0).
-8
Let o = 5 - 0. Let g(v) = 2*v. What is g(o)?
10
Let h be (-1 - -2)*(-2 - -3). Let q(x) = -2*x - x + 2 + h + 6*x. What is q(-3)?
-6
Let b(c) = -c**2 + 3*c + 9. Let l be b(5). Let q(d) = -10*d - 1. Calculate q(l).
9
Let h(k) be the second derivative of k**5/60 + k**4/8 - k**3/6 + k**2 - k. Let q(g) be the first derivative of h(g). Let f = -1 + -1. Calculate q(f).
-3
Let i(h) = h**2 - 2*h. Suppose 2*c - 2 = b - 0, 5*b - 20 = 0. Let u be i(c). Let x(n) = -4*n + 1 + 4 - 3 - n + n**2. Calculate x(u).
-4
Let h = -6 + 9. Let z(m) be the second derivative of 2*m**2 - 2/3*m**3 + 4*m + 0. Give z(h).
-8
Let k(q) = 5*q + q**2 + 0*q - 7 - 1. Determine k(-6).
-2
Let x(r) be the second derivative of -r**5/20 - r**4/6 - r**3/3 - 11*r. Determine x(-2).
4
Suppose 3*o + 4*v + 0 = -2, 6 = -o + 4*v. Let h(n) = n**3 + 5*n**2 + 2*n - 2. Give h(o).
6
Let s(o) = -90 + 3*o - 91 + 174. Give s(5).
8
Let p(k) = -2*k + 8. Let m be p(6). Let h(f) = f**3 + 5*f**2 + 3*f - 5. Let w be h(m). Let r(d) = -d**2 - d - 1. Give r(w).
-1
Let z(x) = 2*x**2 + 6*x - 7. Suppose 2*a - 4*l - 4 = 2, 5*l + 40 = -4*a. What is z(a)?
13
Let b(m) be the second derivative of m**5/20 - 5*m**4/12 + 2*m**2 + 10*m. Calculate b(5).
4
Let c(h) = h**2 + h - 13. Suppose 2*t + 3*t - 4*w - 20 = 0, -2*w = 10. What is c(t)?
-13
Let h(y) = -7*y**3 - 2*y**2 + y. Suppose 0 = -d - 39 + 40. What is h(d)?
-8
Let i(x) = -x + 6*x - 6 + 5. Determine i(-1).
-6
Suppose 5*j - 46 = -16. Let x = j + -4. Suppose 0*o + 5*o - l - 16 = 0, 2*o - 16 = -x*l. Let w(r) = -r**3 + 3*r**2 + 3*r + 1. Calculate w(o).
-3
Let g(k) = -k**3 + 3*k**2 - k + 1. Let x be g(2). Let r be 2 - -2 - x - -2. Let j(i) = -2*i + 3. Calculate j(r).
-3
Suppose -9 = 2*s + s. Let h be s/(1*9/(-12)). Let q(z) = -z - 6*z**3 + 3*z**3 + h*z**3 - 2. Calculate q(-2).
-8
Suppose -z + 3 - 4 = 4*y, -20 = 4*z. Let m(d) = d**3 + d**2 + d - 1. Let k(c) = -4*c**3 - 7*c**2 - 3*c + 4. Let x(o) = -k(o) - 5*m(o). Determine x(y).
0
Let w be (-1)/3*480/(-16). Let y be (-25)/10*(-8)/w. Let n(x) = 3*x**2 - 3*x + 1. Determine n(y).
7
Let y = -4 - -8. Let a(b) = -8 - b + 0*b + 7. What is a(y)?
-5
Let m(t) be the second derivative of t**3/3 + 5*t**2/2 - 2*t. Let c be m(-4). Let b(z) = -z**3 - 4*z**2 - 3*z + 1. What is b(c)?
1
Let m(r) = r**2 - 4*r. Let l be m(4). Suppose -5*p = -l*p + 20. Let t(n) = n + 3. Calculate t(p).
-1
Let y(z) = 2*z**3 - 4*z**2 + 2*z + 2. Let t be (0 + 1)*12/6. Calculate y(t).
6
Let n(h) = -h**2 - 7*h + 8. Suppose 3*i + 22 = -2. Let m be n(i). Let y(q) = -2*q**3 + 3*q**3 + 2 - q - 4*q**2 + m*q. What is y(4)?
-2
Let f(p) = -p**3 + 8*p**2 - 6*p - 8. Let w be f(7). Let z be w - (-5)/(5/3). Let d(u) = u + 0*u + 6*u**z - 4*u**2. Give d(1).
3
Let d be 0/(-2) - (-6 + 4). Let y(g) = 3*g - 10. Let l(i) = -i + 3. Let q(w) = d*y(w) + 7*l(w). Give q(3).
-2
Let c be (-2)/(-1)*(-12)/(-8). Let p(t) = -t**2 + t + 3. Determine p(c).
-3
Suppose -5*b - n + 7 = -2*n, -5*b + 5*n - 5 = 0. Let f(x) be the second derivative of -1/6*x**3 + 0 + 2*x**b + 3*x. Determine f(0).
4
Let d(